**2 - 223*i - 7323. Give p(-26).
-4229
Let b(p) = 6*p**3 - 119*p**2 + 578*p - 11. Determine b(11).
-66
Let h(w) = -w**3 - 17*w**2 + 16441*w + 327608. Determine h(-20).
-12
Let p(o) = 636*o + 20453. Determine p(-33).
-535
Let z(q) = 8*q**2 + 307*q + 3219. Give z(-11).
810
Let q(g) = 40*g**2 - 6597*g - 1009. What is q(165)?
-514
Let b(w) = w**3 - 28*w**2 - 713*w + 522. Determine b(44).
126
Let a(i) = -1445*i + 355412. What is a(246)?
-58
Let d(l) = -131*l**2 + 2849*l + 718. Calculate d(22).
-8
Let h(q) = -57*q**2 + 5290*q - 54499. What is h(81)?
14
Let i(t) = t**3 - 89*t**2 + 545*t + 37877. Give i(75).
2
Let p(j) = j**3 + 99*j**2 + 1516*j - 222. Give p(-80).
98
Let a(o) = -2*o**3 - 604*o**2 + 4952*o - 2487. Determine a(-310).
-7
Let a(f) = 5087*f + 76484. Calculate a(-15).
179
Let x(u) = 2266*u - 2723731. What is x(1202)?
1
Let w(m) = -387*m**2 - 292188*m - 2272. Give w(-755).
-7
Let m(l) = 7*l**2 - 562*l + 1919. Calculate m(77).
148
Let h(v) = -v**2 + 28273*v + 311166. Determine h(-11).
42
Let o(x) = x**3 + 6*x**2 - 12*x - 162. Calculate o(-11).
-635
Let z(o) = 8*o**3 - 36*o**2 + 79*o - 175. Give z(5).
320
Let a(o) = 19*o**2 + 144*o - 352. Determine a(-16).
2208
Let a(q) = -2280*q + 679425. What is a(298)?
-15
Let i(d) = -1250*d + 71165. Calculate i(57).
-85
Let v(g) = -18*g**2 - 233*g - 702. Determine v(-3).
-165
Let l(x) = -9*x**2 - 13554*x + 163943. Give l(-1518).
-1
Let u(w) = -2*w**2 + 94*w + 5280. Calculate u(-32).
224
Let o(a) = 7952*a + 111282. What is o(-14)?
-46
Let u(y) = 747*y - 180686. Determine u(242).
88
Let p(m) = 224*m**2 - 309825*m + 45643. Calculate p(1383).
4
Let r(m) = 4*m**2 + 3408*m + 20400. Give r(-6).
96
Let z(i) = -79*i**2 + 266*i + 1565. Give z(-8).
-5619
Let t(f) = -2*f**3 - 800*f**2 - 2371*f + 4414. What is t(-397)?
47
Let d(j) = -37*j**2 - 845*j + 89. Determine d(-22).
771
Let a(g) = -300742*g - 45412039. Give a(-151).
3
Let h(s) = -497*s - 134783. What is h(-271)?
-96
Let f(w) = -1634*w - 91574. Calculate f(-56).
-70
Let o(a) = -2574*a + 20526. What is o(8)?
-66
Let p(s) = -23840*s + 548306. Calculate p(23).
-14
Let u(t) = 3*t**3 + 276*t**2 + 3242*t - 2658. Determine u(-78).
-6
Let k(v) = 2*v**2 - 206*v + 5481. What is k(77)?
1477
Let h(x) = -x**3 - 60*x**2 - 786*x + 171. What is h(-20)?
-109
Let m(k) = 8708*k + 16947. Give m(-2).
-469
Let n(x) = -4778*x + 200902. What is n(42)?
226
Let a(s) = -2*s**2 + 755*s + 44661. What is a(-52)?
-7
Let x(v) = -4*v**2 + 404*v + 26163. Determine x(146).
-117
Let x(l) = 477*l + 9310. Calculate x(-29).
-4523
Let z(b) = 260822*b + 1564939. What is z(-6)?
7
Let m(v) = v**3 + 24*v**2 + 100*v - 123. Calculate m(-19).
-218
Let n(u) = -551*u + 4919. Calculate n(9).
-40
Let n(v) = v**3 - 1397*v**2 - 7058*v - 243. What is n(-5)?
-3
Let m(i) = -2453*i - 115274. Calculate m(-47).
17
Let v(a) = 131*a + 1567. What is v(-12)?
-5
Let j(a) = 82980*a + 746930. Give j(-9).
110
Let a(r) = -2*r**3 + 1204*r**2 + 1208*r - 1185. What is a(603)?
21
Let q(j) = -63*j**2 + 585*j + 437. What is q(10)?
-13
Let w(l) = 10*l**3 + 5*l**2 - 30*l - 18. Give w(-2).
-18
Let u(h) = -23056*h - 161413. Determine u(-7).
-21
Let z(y) = -y**2 + 917351*y + 7338876. What is z(-8)?
4
Let x(v) = -9287*v - 9346. Give x(-1).
-59
Let j(f) = 10*f**3 - 112*f**2 - 219*f + 62. Give j(13).
257
Let r(g) = g**3 - 468*g**2 - 1953*g + 30948. What is r(472)?
268
Let j(q) = -q**2 - 8602*q - 51541. Give j(-6).
35
Let h(u) = -3*u**2 + 106*u + 5075. Determine h(-27).
26
Let h(c) = -31*c**2 - 359*c + 1100. Give h(-14).
50
Let f(q) = q**3 + 3*q**2 - 90*q + 293. What is f(4)?
45
Let j(x) = x**2 + 55*x - 555. Give j(-81).
1551
Let x(n) = 11762*n - 117631. Calculate x(10).
-11
Let h(v) = -1022*v - 262653. Give h(-257).
1
Let c(z) = 11*z**3 - 637*z**2 - 59*z + 71. Determine c(58).
13
Let c(x) = -1611*x + 9586. What is c(6)?
-80
Let b(z) = z**2 + 11394*z + 56939. Determine b(-5).
-6
Let g(p) = p**2 + 74*p - 87506. Give g(261).
-71
Let w(l) = -11*l**2 + 10974*l + 167077. Determine w(-15).
-8
Let n(w) = 10*w**3 - 33*w**2 - 229*w + 704. Determine n(3).
-10
Let y(b) = b**2 - 973*b - 92229. What is y(-87)?
-9
Let o(k) = 3*k**3 - 93*k**2 + 170*k + 54. What is o(29)?
-62
Let y(s) = -122*s**3 + 34*s**2 - 104*s + 2. Calculate y(2).
-1046
Let d(c) = -c**2 + 13*c + 181. Give d(-21).
-533
Let p(c) = -13*c**2 + 5563*c + 738. Give p(428).
310
Let i(c) = c**3 + 90*c**2 - 291*c + 3804. Determine i(-94).
-4186
Let l(w) = 45*w**3 - 223*w**2 - 232*w + 1136. Give l(5).
26
Let n(u) = 2*u**2 + 932*u - 2013218. What is n(797)?
4
Let i(c) = -2349*c**2 + 190271*c - 162. Give i(81).
0
Let y(g) = 12*g**2 + 104*g - 254. What is y(-20)?
2466
Let a(z) = -z**2 + 2095*z - 14613. Determine a(7).
3
Let q(z) = -62*z**2 - 2169*z + 153. What is q(-35)?
118
Let b(m) = -467*m + 851. Give b(4).
-1017
Let x(v) = -v**3 - 34*v**2 + 196*v + 7735. Calculate x(-33).
178
Let p(x) = -4*x**3 + 32*x**2 + 3853*x - 27178. What is p(7)?
-11
Let p(g) = -3*g**3 + 52*g**2 - 12680*g + 228874. What is p(18)?
-14
Let c(l) = l**3 + 57*l**2 - 8890*l - 577. Give c(-127).
-577
Let z(u) = 2*u**3 + 72*u**2 + 73*u + 251. Determine z(-35).
146
Let x(z) = 2*z**2 + 3453837*z - 20723099. Give x(6).
-5
Let g(o) = o**3 - 12*o**2 + 5*o - 341. Give g(11).
-407
Let n(l) = -2*l**3 - 7*l**2 + 9809*l + 39227. Determine n(-4).
7
Let c(u) = -8*u**3 + 81*u**2 - 95*u + 91. Determine c(9).
-35
Let q(p) = 4605*p + 13281. What is q(-3)?
-534
Let g(y) = -y**2 + 2970*y + 65812. Calculate g(-22).
-12
Let l(p) = -p**3 + 47*p**2 + 72*p + 7039. Calculate l(51).
307
Let g(t) = t**2 + 1301*t + 79160. Calculate g(-64).
-8
Let o(h) = h**2 - 120*h - 2234. Give o(-17).
95
Let r(o) = o**3 - 27*o**2 + 199*o + 5. Give r(11).
258
Let d(t) = 4014*t - 40139. What is d(10)?
1
Let u(y) = -5159*y - 24813. Determine u(-5).
982
Let h(a) = -10667*a - 95952. What is h(-9)?
51
Let a(n) = n**3 - 12*n**2 + 201*n - 2260. What is a(11)?
-170
Let t(q) = -776*q + 163987. Calculate t(210).
1027
Let s(a) = -321*a - 4276. What is s(-11)?
-745
Let c(r) = r**2 + 40*r - 3547. Determine c(-73).
-1138
Let f(h) = 1342*h + 507276. Calculate f(-378).
0
Let a(r) = r**3 - 19*r**2 - 31*r - 29. What is a(21)?
202
Let l(i) = 662*i + 83753. Give l(-126).
341
Let b(a) = -52*a**3 + 778*a**2 + 16*a + 206. Give b(15).
-4
Let p(d) = 437*d**2 - 13113*d + 96. What is p(30)?
6
Let s(m) = 28*m**2 + 16849*m + 210280. Give s(-589).
7
Let c(f) = 41836*f + 124438. Give c(-3).
-1070
Let b(u) = u**2 + 199*u + 8622. Calculate b(-64).
-18
Let u(d) = -4*d**3 - 1848*d**2 + 15*d + 7049. What is u(-462)?
119
Let c(l) = 34*l**2 - 147*l + 163. Calculate c(2).
5
Let i(z) = 5584*z + 2216848. What is i(-397)?
0
Let f(b) = -4623*b + 832129. Give f(180).
-11
Let r(w) = -w**2 + 793*w - 155888. What is r(360)?
-8
Let j(v) = 3*v**3 - 355*v**2 + 141*v - 2808. Calculate j(118).
-94
Let r(g) = 94*g - 3529. Calculate r(36).
-145
Let c(x) = 66686*x - 1133795. Give c(17).
-133
Let o(a) = 3*a**3 + 321*a**2 - a - 527. Determine o(-107).
-420
Let l(k) = 75994*k + 607987. Determine l(-8).
35
Let l(c) = 22*c**2 + 1768*c - 266571. Give l(77).
3
Let z(n) = 2*n**2 + 247*n - 403. Give z(0).
-403
Let o(r) = 59298*r + 1660320. Calculate o(-28).
-24
Let h(s) = -s**3 + 251*s**2 + 2879*s + 798. What is h(262)?
12
Let o(b) = 4173*b + 930587. Give o(-223).
8
Let r(j) = 436*j + 85909. Give r(-197).
17
Let o(h) = 2*h**3 - 305*h**2 - 159*h + 1960. What is o(153)?
1042
Let t(x) = -5*x**2 - 6431*x - 582243. What is t(-98)?
-25
Let v(f) = -1327*f - 64964. What is v(-49)?
59
Let c(p) = -p**3 + 97*p**2 + 305*p - 47133. Give c(95).
-108
Let l(o) = -147*o + 9708. Calculate l(66).
6
Let u(n) = -16*n**2 + 264*n + 2314. Give u(26).
-1638
Let l(f) = -2*f**2 + 432*f - 3703. What is l(9)?
23
Let f(p) = -p**3 - 16*p**2 + 69*p + 505. What is f(-18)?
-89
Let d(u) = -1120*u**2 - 2816*u - 45. Determine d(-3).
-1677
Let w(f) = -4*f**2 - 59*f + 52. Determine w(-18).
-182
Let l(i) = 14*i**3 - 8*i**2 - 51*i + 126. Calculate l(2).
104
Let a(x) = -56*x**2 + 307*x - 2766. What is a(10)?
-5296
Let a(y) = 30285*y - 18473873. Give a(610).
-23
Let o(p) = -p**3 + 134*p**2 + 2184*p - 206977. Determine o(139).
-6
Let w(o) = -o**2 - 270*o + 7716. Calculate w(-296).
20
Let y(b) = 445*b + 14211. Give y(-32).
-29
Let h(d) = 557*d - 85214. What is h(154)?
564
Let w(